{"id":593,"date":"2009-11-20T21:50:03","date_gmt":"2009-11-20T20:50:03","guid":{"rendered":"http:\/\/houpier.blog.uhp-nancy.fr\/?page_id=593"},"modified":"2020-07-22T15:51:12","modified_gmt":"2020-07-22T13:51:12","slug":"publications","status":"publish","type":"page","link":"https:\/\/houpier.fr\/?page_id=593","title":{"rendered":"Publications"},"content":{"rendered":"<p><a title=\"Mise en service public d'un CD-ROM en biblioth\u00e8que\" href=\"http:\/\/bbf.enssib.fr\/consulter\/bbf-1990-03-0248-001\" target=\"_blank\" rel=\"noopener noreferrer\">Mise en service public d&rsquo;un CD-ROm en biblioth\u00e8que<\/a> . &#8211; BBF, 1990, 35 (3)<\/p>\n<p>R\u00e9pertoire des bases de donn\u00e9es m\u00e9dicales, 1991<\/p>\n<p><a title=\"Le guide du routard\" href=\"http:\/\/bbf.enssib.fr\/consulter\/bbf-1995-03-0071-006\" target=\"_blank\" rel=\"noopener noreferrer\">Le guide du routard<\/a> . &#8211; BBF, 1995, 40 (3)<\/p>\n<p>Module de formation : \u00ab\u00a0Recherche documentaire sur Internet \u00ab\u00a0<\/p>\n<p><a title=\"Faire une recherche bibliographique\" href=\"http:\/\/bibecolhosp.blogspot.com\/2007\/06\/41-comment-se-documenter.html\" target=\"_blank\" rel=\"noopener noreferrer\">Faire une recherche bibliographique<\/a> \/ Rapha\u00eble Bussemey, Jean-Charles Houpier.- Les Dossiers de l&rsquo;obst\u00e9trique 2005, 32 (339) 33-36<\/p>\n<p><a title=\"Utilisation des fils RSS en biblioth\u00e8que\" href=\"http:\/\/www.enssib.fr\/bibliotheque-numerique\/document-1045\" target=\"_blank\" rel=\"noopener noreferrer\">Utilisation des fils RSS en biblioth\u00e8que<\/a> , 2005<\/p>\n<p><a title=\"Renseignements aux usagers\" href=\"http:\/\/houpier.fr\/wp-content\/uploads\/2009\/11\/ABF_RAU_20051.pdf\" target=\"_blank\" rel=\"noopener noreferrer\">Renseignements aux usagers<\/a> : informer et rechercher\u00a0: le biblioth\u00e9caire au service du lecteur : manuel \u00e0 l\u2019usage des biblioth\u00e9caires et futurs biblioth\u00e9caires.- Association des biblioth\u00e9caires fran\u00e7ais. \u2013 Paris\u00a0: ABF, 2005. \u2013 159 p.\u00a0; 24 cm. \u2013 (M\u00e9diath\u00e8mes\u00a0; 6).- ISBN 2-900177-25-1\u00a0: 27 euros;<\/p>\n<p><a title=\"Mettre en oeuvre un service de questions-r\u00e9ponses en ligne\" href=\"http:\/\/www.enssib.fr\/presses\/catalogue\/mettre-en-oeuvre-un-service-de-questions-reponses-en-ligne\" target=\"_blank\" rel=\"noopener noreferrer\">Mettre en \u0153uvre un service de questions-r\u00e9ponses en ligne<\/a> \/ sous la dir. De Claire Nguyen. \u2013 Enssib\u00a0. \u2013 Paris\u00a0: Presses de l\u2019enssib, 2010. \u2013 210 p.\u00a0; 21 cm. \u2013 (La boite \u00e0 outils, 20). \u2013 ISBN 978-2-910227-82-1\u00a0: 22 euros\u00a0;<\/p>\n<p><a href=\"http:\/\/houpier.fr\/wp-content\/uploads\/2020\/07\/Archimag_guidepratique_42.pdf\">Un bibliophone dans toutes les poches<\/a> \/ Jean-Charles Houpier. &#8211; 2010. &#8211; (Archimag Guide Pratique, 42).<\/p>\n\n\n<p><\/p>\n","protected":false},"excerpt":{"rendered":"<p>Mise en service public d&rsquo;un CD-ROm en biblioth\u00e8que . &#8211; BBF, 1990, 35 (3) R\u00e9pertoire des bases de donn\u00e9es m\u00e9dicales, 1991 Le guide du routard . &#8211; BBF, 1995, 40 (3) Module de formation : \u00ab\u00a0Recherche documentaire sur Internet \u00ab\u00a0 Faire une recherche bibliographique \/ Rapha\u00eble Bussemey, Jean-Charles Houpier.- Les Dossiers de l&rsquo;obst\u00e9trique 2005, 32 &hellip; <\/p>\n<p class=\"link-more\"><a href=\"https:\/\/houpier.fr\/?page_id=593\" class=\"more-link\">Continuer la lecture<span class=\"screen-reader-text\"> de &laquo;&nbsp;Publications&nbsp;&raquo;<\/span><\/a><\/p>\n","protected":false},"author":1,"featured_media":0,"parent":0,"menu_order":0,"comment_status":"closed","ping_status":"closed","template":"","meta":{"footnotes":""},"class_list":["post-593","page","type-page","status-publish","hentry"],"_links":{"self":[{"href":"https:\/\/houpier.fr\/index.php?rest_route=\/wp\/v2\/pages\/593","targetHints":{"allow":["GET"]}}],"collection":[{"href":"https:\/\/houpier.fr\/index.php?rest_route=\/wp\/v2\/pages"}],"about":[{"href":"https:\/\/houpier.fr\/index.php?rest_route=\/wp\/v2\/types\/page"}],"author":[{"embeddable":true,"href":"https:\/\/houpier.fr\/index.php?rest_route=\/wp\/v2\/users\/1"}],"replies":[{"embeddable":true,"href":"https:\/\/houpier.fr\/index.php?rest_route=%2Fwp%2Fv2%2Fcomments&post=593"}],"version-history":[{"count":1,"href":"https:\/\/houpier.fr\/index.php?rest_route=\/wp\/v2\/pages\/593\/revisions"}],"predecessor-version":[{"id":3032,"href":"https:\/\/houpier.fr\/index.php?rest_route=\/wp\/v2\/pages\/593\/revisions\/3032"}],"wp:attachment":[{"href":"https:\/\/houpier.fr\/index.php?rest_route=%2Fwp%2Fv2%2Fmedia&parent=593"}],"curies":[{"name":"wp","href":"https:\/\/api.w.org\/{rel}","templated":true}]}}